pose -173 = -4*u + a, 3*a + 57 = 176*u - 175*u. What is the greatest common divisor of u and 84?
42
Suppose -12 - 14 = -2*h. Let w be (21/(-63))/(2/(-54)). Suppose w*z = 11*z - 234. Calculate the greatest common divisor of h and z.
13
Let v be (-842)/(-18) - ((-304)/72 + 4). Suppose v - 3 = 4*t. Let o be 19*5 + 0 + (-3 - -7). Calculate the highest common factor of o and t.
11
Suppose 499*j = 505*j - 55950. What is the greatest common factor of 25 and j?
25
Let p = 177 - 72. Let t = 94 - 84. Let o = p - t. Calculate the greatest common divisor of o and 19.
19
Let d(b) = 7*b**2 - 7*b - 5. Let f be d(-4). Suppose 3*k + 103 = 4*x, 0 = k + 2*k - 9. Suppose -5*n + x = -47. What is the highest common factor of n and f?
15
Let g = 66597 - 66501. Suppose -2*z + 123 = 3. Calculate the greatest common divisor of g and z.
12
Suppose -5*t - 64*i + 67*i + 26 = 0, 5*t = -3*i - 16. Calculate the highest common divisor of t and 3989.
1
Suppose 0 = -3*d + 69 + 21. Let a(i) = -i**2 - 2981*i + 50. Let j be a(0). What is the highest common factor of d and j?
10
Let s = -50 - -94. Suppose 0 = 3*g + 35*f - 34*f + 2, 5*g = 2*f - 18. Let t be (-128)/g - (31 + -33). What is the greatest common factor of t and s?
22
Let t(q) = q + 2. Let f be t(2). Let j be (-5)/((-540)/(-12)) + 1010/18. Suppose -5*b + f = -j. Calculate the greatest common divisor of 132 and b.
12
Let h = 2180 + -2132. Calculate the highest common divisor of 3576 and h.
24
Suppose -928 + 1422 = 19*v. What is the highest common factor of v and 9854?
26
Suppose 0*v - 4*v + 108 = 0. Suppose 29 = 4*z - v. Suppose -22*l = -603 - 321. What is the highest common divisor of z and l?
14
Let y(b) = 20*b - 123. Let n be y(20). Let f = n + -24. Let m be (-1)/(-4) - (-182)/8. What is the greatest common factor of f and m?
23
Let w(r) = 5*r**2 + 2*r + 3. Suppose 4*d = 11 + 1. Let h be w(d). Let l be (-28)/21*h/(-4). What is the highest common divisor of l and 12?
6
Let c be (-4 - 71)*-4*(-1)/(8 + -12). What is the greatest common factor of 20775 and c?
75
Let o be ((-12 + 3)*-1)/(-11 + 14). Let w be o + -3 + 36/4. What is the highest common divisor of w and 27?
9
Let s be (2 - 1) + (-372)/12. Let v be (-30800)/(-375) - (-4)/s. Calculate the greatest common factor of 205 and v.
41
Let b(f) = -2*f - 4*f**3 + 4*f**2 + 2*f**2 - 1 - 7*f**2. Let g be b(-1). Let c be 5642/42 - g/(-6). What is the highest common factor of c and 27?
27
Suppose 2*g = -4*d + 2404, -g - 28*d = -29*d - 1181. What is the highest common factor of 726 and g?
66
Let s be 1/(-4) + 122/8. Let o be (-40)/s*(-117)/6. Let v(k) = -k - 7. Let f be v(-11). Calculate the greatest common factor of f and o.
4
Let w be 5 - (-14 - 506/23). Let p = 307 - -62. What is the greatest common divisor of p and w?
41
Let m(q) = 3*q. Let n(r) = -8*r + 8. Let h(a) = -6*m(a) - 2*n(a). Let b be h(-13). Calculate the greatest common divisor of b and 50.
10
Let o = 33 + -34. Let k = -26 - o. Let s = k + 33. What is the highest common factor of s and 8?
8
Let n be ((-350740)/(-910))/(-3*(-6)/63). Calculate the greatest common factor of 57 and n.
19
Let q be ((-4)/(-40) - (-147)/30) + 535. What is the highest common factor of 351 and q?
27
Suppose 2900 + 2067 = 3*i - 787. What is the greatest common factor of 7398 and i?
274
Let n(x) = 6*x**2 - 18*x - 16. Let z be (-5 - 18/(-6)) + -6. Let i be n(z). Calculate the highest common factor of i and 16.
16
Suppose 3*m + 11 = 62. Let l be (3/9 - 2664/(-27)) + 1. Let u = 236 - l. What is the greatest common divisor of u and m?
17
Suppose 0 = -5*q - 2*x - 18 + 1306, -3*q = -4*x - 804. Suppose 208 = 4*v + 4*z, -2*v - 3*z = 3*v - 260. Calculate the highest common divisor of q and v.
52
Suppose -871*c - 5*y = -872*c + 432, 4*c - 4*y - 1712 = 0. Calculate the greatest common divisor of c and 1037.
61
Let t be 48/(-40) + (-2356)/(-155). What is the highest common factor of t and 218?
2
Let k = 47 + -42. Let u be (-1)/(k/360*-3). What is the highest common divisor of 264 and u?
24
Let l = -12251 + 17279. What is the highest common factor of l and 36?
12
Let c(r) be the first derivative of 37*r**2/2 - 55*r + 41. Let y be c(3). What is the highest common factor of 7 and y?
7
Let r = -737 + 1677. Let l be 4*4/14*(-3885)/(-222). What is the highest common factor of r and l?
20
Let j(f) = 15*f**2 + 11*f + 17. Suppose 73 = -7*i + 59. Let r be j(i). What is the greatest common divisor of r and 25?
5
Suppose 127*d - 320 = -2*n + 131*d, 5*n + 2*d = 740. What is the greatest common divisor of 195 and n?
15
Let x(f) = 196*f**2 - 5*f + 4. Suppose -1 + 3 = 2*q. Let t be x(q). What is the greatest common divisor of t and 130?
65
Suppose -r + 4*f = -18, -3*r + 16 = -4*f - 6. Let c(l) = 51*l - 2*l**r + 4*l**2 - 41*l + 4. Let b be c(-8). Calculate the highest common factor of b and 130.
26
Let q = 9414 - 9410. Calculate the greatest common divisor of 129 and q.
1
Suppose -4 = 3*y - 0*y + x, 2*x = -5*y - 8. Let c = y - -78. What is the greatest common factor of 104 and c?
26
Let g(r) = 15*r**2 - 8*r + 6. Let p(i) = i**2 - i. Let c(l) = g(l) - 5*p(l). Let a be c(2). Calculate the highest common factor of 10 and a.
10
Let n(r) = -27*r + 91. Let x be n(2). Suppose 149 = -3*t + 56. Let m = x + t. What is the highest common factor of m and 3?
3
Suppose -277 - 635 = -26*c + 336. Calculate the highest common factor of 27408 and c.
48
Let a(z) be the first derivative of -4*z**3/3 + 9*z**2/2 + 54*z + 39. Let q be a(-5). Let j = q + 102. What is the highest common divisor of j and 11?
11
Let i be 7/(-245)*-15 - 4700/7. Let c = 715 + i. What is the highest common factor of 11 and c?
11
Let d(u) = 65*u + 5*u**2 - u**3 - 60*u + 6 + 0*u**2. Let o be d(6). Let r be (o - 3)/(-3) - (-2 + -61). What is the greatest common factor of 16 and r?
16
Suppose 2*p + 1796 - 1505 = 3*c, -5*c + 2*p + 489 = 0. What is the highest common factor of c and 176?
11
Suppose 0 = -v + 2*u + 34, -128 = -10*v + 6*v + 4*u. Suppose -v*a + 24*a + 24 = 0. What is the greatest common divisor of 40 and a?
4
Let x(g) = g**2 - g - 112. Let f be x(-10). Let u be (-3150)/(-27) + (f/6)/(-1). Calculate the highest common factor of 195 and u.
39
Suppose 5*b = 10, -5*b + 4481 = 4*y - 1289. Calculate the greatest common factor of 48 and y.
48
Suppose 344*v = 348*v - 4*k - 4596, -5*k = 5. What is the greatest common divisor of v and 196?
28
Let y(i) = 38*i - 558. Let f be y(20). What is the highest common divisor of f and 10?
2
Let u(b) = 1363*b + 3374. Let o be u(2). What is the greatest common factor of o and 488?
244
Suppose 11*t = -11*t - 1892. Let y = t - -120. What is the greatest common factor of 374 and y?
34
Let d(n) = -30*n**3 + 1111*n**2 - 37*n + 22. Let l be d(37). Let m(i) = 2*i**3 + 5*i - 5. Let b be m(4). Calculate the greatest common divisor of l and b.
11
Let h be 3604/(-7)*-35*(-20)/(-200). What is the highest common factor of 170 and h?
34
Let a = 6656 + -6568. Calculate the greatest common factor of a and 296.
8
Suppose 153 - 53 = 20*u. Suppose 0 = -u*v - 3*k + 834, 390 = 5*v - 2*k - 429. Calculate the highest common divisor of v and 15.
15
Suppose -8*p - 73*p - 7 = -169. Let b = 124 + -70. What is the greatest common divisor of p and b?
2
Let y be 7/(-21)*18 - -586. Let v(r) = 4*r**3 - 4*r**2 + 3*r - 2. Let h be v(2). Calculate the greatest common factor of h and y.
20
Suppose k = -3*d - 149, -4*k + d - 532 = -3*d. Let i = 163 - k. What is the greatest common divisor of i and 12?
12
Suppose 0 = 43*i + 63*i + 16*i - 2928. Calculate the greatest common factor of 18852 and i.
12
Let w be -1013 + (-5)/(20/28). Let r = w + 1605. Calculate the highest common divisor of 26 and r.
13
Suppose -2*o + 2*m + 1152 = 0, -13*m + 15 = -10*m. What is the greatest common divisor of 14 and o?
7
Let o be (6256/32)/(2 + (-5)/2). Let u = -386 - o. What is the highest common factor of u and 5?
5
Let d(a) = -8*a**2 - 603*a - 791. Let k be d(-74). Calculate the greatest common factor of 33833 and k.
23
Let w be (-5136)/17 - (-68)/578. Let r = w - -337. Calculate the highest common factor of r and 140.
35
Let s be ((-646)/152)/((15/684)/(-5)). Calculate the highest common divisor of s and 153.
51
Let a be 12 + 1/1 - -143. What is the highest common divisor of 588 and a?
12
Suppose 7*k - 4*k - 6 = 0. Suppose -5*g - 2*